{"id":290,"date":"2014-05-16T10:22:32","date_gmt":"2014-05-16T08:22:32","guid":{"rendered":"http:\/\/www.met-aal.it\/?page_id=290"},"modified":"2014-06-04T10:53:17","modified_gmt":"2014-06-04T08:53:17","slug":"modulo-di-invio-sms","status":"publish","type":"page","link":"https:\/\/www.met-aal.it\/?page_id=290","title":{"rendered":"Modulo Comunicazione con l&#8217;Esterno"},"content":{"rendered":"<p style=\"text-align: justify;\">Nell\u2019ottica della interoperabilit\u00e0 tra i vari sistemi e dispositivi situati all\u2019interno dell\u2019ambiente assistito \u00e8 importante il livello di acquisizione e scambio dati fra questi ed il sistema centralizzato. \u00a0Si \u00e8 deciso infatti che essi comunichino direttamente con un server centralizzato e questo a sua volta con l\u2019ambiente esterno.<\/p>\n<p style=\"text-align: justify;\">Il modo in cui il server centralizzato si interfaccer\u00e0 con l\u2019ambiente esterno potr\u00e0 essere essenzialmente di due tipi:<\/p>\n<ul>\n<li style=\"text-align: justify;\">Tramite comunicazione verso utenti esterni con l\u2019invio di sms\/telefonate;<\/li>\n<li style=\"text-align: justify;\">Tramite accesso remoto.<\/li>\n<\/ul>\n<p style=\"text-align: center;\"><a href=\"http:\/\/www.met-aal.it\/wp-content\/uploads\/2014\/05\/esterno.png\"><img decoding=\"async\" loading=\"lazy\" class=\"aligncenter size-medium wp-image-545\" title=\"Comunicazione all'Esterno\" alt=\"Comunicazione all'Esterno\" src=\"http:\/\/www.met-aal.it\/wp-content\/uploads\/2014\/05\/esterno-300x176.png\" width=\"300\" height=\"176\" srcset=\"https:\/\/www.met-aal.it\/wp-content\/uploads\/2014\/05\/esterno-300x176.png 300w, https:\/\/www.met-aal.it\/wp-content\/uploads\/2014\/05\/esterno.png 799w\" sizes=\"(max-width: 300px) 100vw, 300px\" \/><\/a><\/p>\n<p style=\"text-align: justify;\">Con riferimento alla comunicazione della piattaforma verso l\u2019esterno in riferimento alla comunicazione via sms, la gestione dell\u2019invio del messaggio sar\u00e0 implementato come web service su piattaforma Windows.<\/p>\n<p style=\"text-align: justify;\">I moduli della piattaforma MET-AAL eseguono delle chiamate al web service fornendo, tramite flusso XML, una lista di messaggi da inviare con il relativo testo e l\u2019elenco dei destinatari con numero di telefono e priorit\u00e0 di invio: il messaggio verr\u00e0 inviato prima a tutti i destinatari con la medesima priorit\u00e0 pi\u00f9 alta e successivamente, se il sistema non riceve un messaggio di conferma entro un tempo limite dai destinatari con priorit\u00e0 pi\u00f9 alta, a quelli con priorit\u00e0 pi\u00f9 bassa.<\/p>\n<p style=\"text-align: justify;\">Il messaggio di conferma dovr\u00e0 contenere un codice di riconoscimento del messaggio che sar\u00e0 inserito nel messaggio stesso e potr\u00e0 essere definito se esso dovr\u00e0 provenire dallo stesso numero di telefono\u00a0 o da altri numeri.<\/p>\n<p style=\"text-align: justify;\">Il web service restituir\u00e0 al termine del processo di invio un flusso XML contenente i risultati del processo di invio: messaggi inviati ed eventuali errori di invio, conferme ricevute.<\/p>\n<p style=\"text-align: justify;\">I modem saranno collegati su porte seriali RS232 e potranno essere gestiti pi\u00f9 modem per avere una ridondanza anche con gestori di rete GSM diversi.<\/p>\n","protected":false},"excerpt":{"rendered":"<p>Nell\u2019ottica della interoperabilit\u00e0 tra i vari sistemi e dispositivi situati all\u2019interno dell\u2019ambiente assistito \u00e8 importante il livello di acquisizione e scambio dati fra questi ed il sistema centralizzato. \u00a0Si \u00e8 deciso infatti che essi comunichino direttamente con un server centralizzato e questo a sua volta con l\u2019ambiente esterno. Il modo in cui il server centralizzato [&#8230;] <a class=\"read-more\" href=\"https:\/\/www.met-aal.it\/?page_id=290\">Read More <i class=\"icon-double-angle-right\"><\/i><\/a><\/p>\n","protected":false},"author":1,"featured_media":0,"parent":0,"menu_order":0,"comment_status":"open","ping_status":"closed","template":"","meta":[],"_links":{"self":[{"href":"https:\/\/www.met-aal.it\/index.php?rest_route=\/wp\/v2\/pages\/290"}],"collection":[{"href":"https:\/\/www.met-aal.it\/index.php?rest_route=\/wp\/v2\/pages"}],"about":[{"href":"https:\/\/www.met-aal.it\/index.php?rest_route=\/wp\/v2\/types\/page"}],"author":[{"embeddable":true,"href":"https:\/\/www.met-aal.it\/index.php?rest_route=\/wp\/v2\/users\/1"}],"replies":[{"embeddable":true,"href":"https:\/\/www.met-aal.it\/index.php?rest_route=%2Fwp%2Fv2%2Fcomments&post=290"}],"version-history":[{"count":4,"href":"https:\/\/www.met-aal.it\/index.php?rest_route=\/wp\/v2\/pages\/290\/revisions"}],"predecessor-version":[{"id":546,"href":"https:\/\/www.met-aal.it\/index.php?rest_route=\/wp\/v2\/pages\/290\/revisions\/546"}],"wp:attachment":[{"href":"https:\/\/www.met-aal.it\/index.php?rest_route=%2Fwp%2Fv2%2Fmedia&parent=290"}],"curies":[{"name":"wp","href":"https:\/\/api.w.org\/{rel}","templated":true}]}}